{"id":2006,"date":"2020-03-08T23:42:31","date_gmt":"2020-03-08T22:42:31","guid":{"rendered":"https:\/\/www.rawpics.de\/wordpress\/?page_id=2006"},"modified":"2022-12-31T15:58:39","modified_gmt":"2022-12-31T14:58:39","slug":"fotokunst-unterweser","status":"publish","type":"page","link":"https:\/\/www.rawpics.de\/wordpress\/fotokunst-unterweser\/","title":{"rendered":"Fotokunst Unterweser"},"content":{"rendered":"<div class=\"fusion-fullwidth fullwidth-box fusion-builder-row-1 nonhundred-percent-fullwidth non-hundred-percent-height-scrolling\" style=\"--awb-background-position:left top;--awb-border-sizes-top:0px;--awb-border-sizes-bottom:0px;--awb-border-sizes-left:0px;--awb-border-sizes-right:0px;--awb-border-radius-top-left:0px;--awb-border-radius-top-right:0px;--awb-border-radius-bottom-right:0px;--awb-border-radius-bottom-left:0px;--awb-padding-top:20px;--awb-padding-bottom:80px;--awb-flex-wrap:wrap;\" ><div class=\"fusion-builder-row fusion-row\"><div class=\"fusion-layout-column fusion_builder_column fusion-builder-column-0 fusion_builder_column_1_1 1_1 fusion-one-full fusion-column-first fusion-column-last\" style=\"--awb-padding-top:0%;--awb-padding-right:10%;--awb-padding-bottom:0%;--awb-padding-left:10%;--awb-bg-size:cover;\"><div class=\"fusion-column-wrapper fusion-flex-column-wrapper-legacy\"><div class=\"fusion-image-element in-legacy-container\" style=\"--awb-caption-title-font-family:var(--h2_typography-font-family);--awb-caption-title-font-weight:var(--h2_typography-font-weight);--awb-caption-title-font-style:var(--h2_typography-font-style);--awb-caption-title-size:var(--h2_typography-font-size);--awb-caption-title-transform:var(--h2_typography-text-transform);--awb-caption-title-line-height:var(--h2_typography-line-height);--awb-caption-title-letter-spacing:var(--h2_typography-letter-spacing);\"><span class=\" fusion-imageframe imageframe-none imageframe-1 hover-type-none\"><img decoding=\"async\" width=\"2048\" height=\"573\" alt=\"Er\u00f6ffnung Magische Momente im Fischkai57\" title=\"Eroeffnung_PAno_19688252_1380047945404754_1963163631_o\" src=\"https:\/\/www.rawpics.de\/wordpress\/wp-content\/uploads\/2020\/03\/Eroeffnung_PAno_19688252_1380047945404754_1963163631_o.jpg\" class=\"img-responsive wp-image-2007\" srcset=\"https:\/\/www.rawpics.de\/wordpress\/wp-content\/uploads\/2020\/03\/Eroeffnung_PAno_19688252_1380047945404754_1963163631_o-200x56.jpg 200w, https:\/\/www.rawpics.de\/wordpress\/wp-content\/uploads\/2020\/03\/Eroeffnung_PAno_19688252_1380047945404754_1963163631_o-400x112.jpg 400w, https:\/\/www.rawpics.de\/wordpress\/wp-content\/uploads\/2020\/03\/Eroeffnung_PAno_19688252_1380047945404754_1963163631_o-600x168.jpg 600w, https:\/\/www.rawpics.de\/wordpress\/wp-content\/uploads\/2020\/03\/Eroeffnung_PAno_19688252_1380047945404754_1963163631_o-800x224.jpg 800w, https:\/\/www.rawpics.de\/wordpress\/wp-content\/uploads\/2020\/03\/Eroeffnung_PAno_19688252_1380047945404754_1963163631_o-1200x336.jpg 1200w, https:\/\/www.rawpics.de\/wordpress\/wp-content\/uploads\/2020\/03\/Eroeffnung_PAno_19688252_1380047945404754_1963163631_o.jpg 2048w\" sizes=\"(max-width: 800px) 100vw, 1200px\" \/><\/span><\/div><div class=\"fusion-text fusion-text-1\"><p><strong><span style=\"font-size: 24pt;\">Fotokunst Unterweser<\/span><\/strong><\/p>\n<p style=\"text-align: left;\">Die Fotokunst Unterweser war ein Projekt befreundeter Fotografen aus dem Unterweser-Gebiet. Daher verwundert es auch nicht, dass sich ihr fotografischer Schwerpunkt in Bremerhaven befindet. Zudem ist es der Anspruch der Gruppe,\u00a0 heimatliche Motive interessant und eben &#8222;anders&#8220; umzusetzen.<\/p>\n<p style=\"text-align: left;\">Und so pr\u00e4sentierte die Fotokunst Unterweser Ihre Arbeiten 2017 und 2019 in vielbeachteten Ausstellung im Kunst- und Kulturzentrum Fischkai57 im Fischereihafen.<\/p>\n<table style=\"width: 100%; border-collapse: collapse;\">\n<tbody>\n<tr>\n<td style=\"width: 33.33%;\">Die Fotokunst auf <em><a href=\"https:\/\/www.bremerhaven.de\/de\/aktuelles\/magische-augenblicke-der-fotogruppe-fotokunst-unterweser-im-fischkai-57.59476.html\">bremerhaven.de<\/a><\/em><\/td>\n<td style=\"width: 33.33%;\"><\/td>\n<td style=\"width: 33.33%; text-align: right;\">Die Fotokunst bei <em><a href=\"https:\/\/www.facebook.com\/fotokunstunterweser\">Facebook<\/a><\/em><\/td>\n<\/tr>\n<\/tbody>\n<\/table>\n<p>Kontakt:<br \/>\nFotokunst Unterweser<br \/>\nElbestra\u00dfe 114<br \/>\n27570 Bremerhaven<\/p>\n<\/div><div class=\"fusion-clearfix\"><\/div><\/div><\/div><\/div><\/div>\n","protected":false},"excerpt":{"rendered":"","protected":false},"author":2,"featured_media":0,"parent":0,"menu_order":0,"comment_status":"closed","ping_status":"closed","template":"100-width.php","meta":{"footnotes":""},"class_list":["post-2006","page","type-page","status-publish","hentry"],"yoast_head":"<!-- This site is optimized with the Yoast SEO plugin v27.5 - https:\/\/yoast.com\/product\/yoast-seo-wordpress\/ -->\n<title>Fotokunst Unterweser - rawPics<\/title>\n<meta name=\"description\" content=\"Die Fotokunst Unterweser ist eine von den M\u00f6glichkeiten der sozialen Netzwerke gepr\u00e4gte Gemeinschaft die Spa\u00df und Freude Fotokunst hat.\" \/>\n<meta name=\"robots\" content=\"index, follow, max-snippet:-1, max-image-preview:large, max-video-preview:-1\" \/>\n<link rel=\"canonical\" href=\"https:\/\/www.rawpics.de\/wordpress\/fotokunst-unterweser\/\" \/>\n<meta property=\"og:locale\" content=\"de_DE\" \/>\n<meta property=\"og:type\" content=\"article\" \/>\n<meta property=\"og:title\" content=\"Fotokunst Unterweser - rawPics\" \/>\n<meta property=\"og:description\" content=\"Die Fotokunst Unterweser ist eine von den M\u00f6glichkeiten der sozialen Netzwerke gepr\u00e4gte Gemeinschaft die Spa\u00df und Freude Fotokunst hat.\" \/>\n<meta property=\"og:url\" content=\"https:\/\/www.rawpics.de\/wordpress\/fotokunst-unterweser\/\" \/>\n<meta property=\"og:site_name\" content=\"rawPics\" \/>\n<meta property=\"article:publisher\" content=\"https:\/\/www.facebook.com\/rawpics.wecks\" \/>\n<meta property=\"article:modified_time\" content=\"2022-12-31T14:58:39+00:00\" \/>\n<meta name=\"twitter:card\" content=\"summary_large_image\" \/>\n<meta name=\"twitter:label1\" content=\"Gesch\u00e4tzte Lesezeit\" \/>\n\t<meta name=\"twitter:data1\" content=\"2\u00a0Minuten\" \/>\n<script type=\"application\/ld+json\" class=\"yoast-schema-graph\">{\"@context\":\"https:\\\/\\\/schema.org\",\"@graph\":[{\"@type\":\"WebPage\",\"@id\":\"https:\\\/\\\/www.rawpics.de\\\/wordpress\\\/fotokunst-unterweser\\\/\",\"url\":\"https:\\\/\\\/www.rawpics.de\\\/wordpress\\\/fotokunst-unterweser\\\/\",\"name\":\"Fotokunst Unterweser - rawPics\",\"isPartOf\":{\"@id\":\"https:\\\/\\\/www.rawpics.de\\\/wordpress\\\/#website\"},\"datePublished\":\"2020-03-08T22:42:31+00:00\",\"dateModified\":\"2022-12-31T14:58:39+00:00\",\"description\":\"Die Fotokunst Unterweser ist eine von den M\u00f6glichkeiten der sozialen Netzwerke gepr\u00e4gte Gemeinschaft die Spa\u00df und Freude Fotokunst hat.\",\"breadcrumb\":{\"@id\":\"https:\\\/\\\/www.rawpics.de\\\/wordpress\\\/fotokunst-unterweser\\\/#breadcrumb\"},\"inLanguage\":\"de\",\"potentialAction\":[{\"@type\":\"ReadAction\",\"target\":[\"https:\\\/\\\/www.rawpics.de\\\/wordpress\\\/fotokunst-unterweser\\\/\"]}]},{\"@type\":\"BreadcrumbList\",\"@id\":\"https:\\\/\\\/www.rawpics.de\\\/wordpress\\\/fotokunst-unterweser\\\/#breadcrumb\",\"itemListElement\":[{\"@type\":\"ListItem\",\"position\":1,\"name\":\"Startseite\",\"item\":\"https:\\\/\\\/www.rawpics.de\\\/wordpress\\\/\"},{\"@type\":\"ListItem\",\"position\":2,\"name\":\"Fotokunst Unterweser\"}]},{\"@type\":\"WebSite\",\"@id\":\"https:\\\/\\\/www.rawpics.de\\\/wordpress\\\/#website\",\"url\":\"https:\\\/\\\/www.rawpics.de\\\/wordpress\\\/\",\"name\":\"rawPics - Ralph und Astrid Wecks Fotografie\",\"description\":\"Ralph und Astrid Wecks Fotografie\",\"publisher\":{\"@id\":\"https:\\\/\\\/www.rawpics.de\\\/wordpress\\\/#organization\"},\"potentialAction\":[{\"@type\":\"SearchAction\",\"target\":{\"@type\":\"EntryPoint\",\"urlTemplate\":\"https:\\\/\\\/www.rawpics.de\\\/wordpress\\\/?s={search_term_string}\"},\"query-input\":{\"@type\":\"PropertyValueSpecification\",\"valueRequired\":true,\"valueName\":\"search_term_string\"}}],\"inLanguage\":\"de\"},{\"@type\":\"Organization\",\"@id\":\"https:\\\/\\\/www.rawpics.de\\\/wordpress\\\/#organization\",\"name\":\"rawPics - Ralph und Astrid Wecks Fotografie\",\"url\":\"https:\\\/\\\/www.rawpics.de\\\/wordpress\\\/\",\"logo\":{\"@type\":\"ImageObject\",\"inLanguage\":\"de\",\"@id\":\"https:\\\/\\\/www.rawpics.de\\\/wordpress\\\/#\\\/schema\\\/logo\\\/image\\\/\",\"url\":\"\",\"contentUrl\":\"\",\"caption\":\"rawPics - Ralph und Astrid Wecks Fotografie\"},\"image\":{\"@id\":\"https:\\\/\\\/www.rawpics.de\\\/wordpress\\\/#\\\/schema\\\/logo\\\/image\\\/\"},\"sameAs\":[\"https:\\\/\\\/www.facebook.com\\\/rawpics.wecks\"]}]}<\/script>\n<!-- \/ Yoast SEO plugin. -->","yoast_head_json":{"title":"Fotokunst Unterweser - rawPics","description":"Die Fotokunst Unterweser ist eine von den M\u00f6glichkeiten der sozialen Netzwerke gepr\u00e4gte Gemeinschaft die Spa\u00df und Freude Fotokunst hat.","robots":{"index":"index","follow":"follow","max-snippet":"max-snippet:-1","max-image-preview":"max-image-preview:large","max-video-preview":"max-video-preview:-1"},"canonical":"https:\/\/www.rawpics.de\/wordpress\/fotokunst-unterweser\/","og_locale":"de_DE","og_type":"article","og_title":"Fotokunst Unterweser - rawPics","og_description":"Die Fotokunst Unterweser ist eine von den M\u00f6glichkeiten der sozialen Netzwerke gepr\u00e4gte Gemeinschaft die Spa\u00df und Freude Fotokunst hat.","og_url":"https:\/\/www.rawpics.de\/wordpress\/fotokunst-unterweser\/","og_site_name":"rawPics","article_publisher":"https:\/\/www.facebook.com\/rawpics.wecks","article_modified_time":"2022-12-31T14:58:39+00:00","twitter_card":"summary_large_image","twitter_misc":{"Gesch\u00e4tzte Lesezeit":"2\u00a0Minuten"},"schema":{"@context":"https:\/\/schema.org","@graph":[{"@type":"WebPage","@id":"https:\/\/www.rawpics.de\/wordpress\/fotokunst-unterweser\/","url":"https:\/\/www.rawpics.de\/wordpress\/fotokunst-unterweser\/","name":"Fotokunst Unterweser - rawPics","isPartOf":{"@id":"https:\/\/www.rawpics.de\/wordpress\/#website"},"datePublished":"2020-03-08T22:42:31+00:00","dateModified":"2022-12-31T14:58:39+00:00","description":"Die Fotokunst Unterweser ist eine von den M\u00f6glichkeiten der sozialen Netzwerke gepr\u00e4gte Gemeinschaft die Spa\u00df und Freude Fotokunst hat.","breadcrumb":{"@id":"https:\/\/www.rawpics.de\/wordpress\/fotokunst-unterweser\/#breadcrumb"},"inLanguage":"de","potentialAction":[{"@type":"ReadAction","target":["https:\/\/www.rawpics.de\/wordpress\/fotokunst-unterweser\/"]}]},{"@type":"BreadcrumbList","@id":"https:\/\/www.rawpics.de\/wordpress\/fotokunst-unterweser\/#breadcrumb","itemListElement":[{"@type":"ListItem","position":1,"name":"Startseite","item":"https:\/\/www.rawpics.de\/wordpress\/"},{"@type":"ListItem","position":2,"name":"Fotokunst Unterweser"}]},{"@type":"WebSite","@id":"https:\/\/www.rawpics.de\/wordpress\/#website","url":"https:\/\/www.rawpics.de\/wordpress\/","name":"rawPics - Ralph und Astrid Wecks Fotografie","description":"Ralph und Astrid Wecks Fotografie","publisher":{"@id":"https:\/\/www.rawpics.de\/wordpress\/#organization"},"potentialAction":[{"@type":"SearchAction","target":{"@type":"EntryPoint","urlTemplate":"https:\/\/www.rawpics.de\/wordpress\/?s={search_term_string}"},"query-input":{"@type":"PropertyValueSpecification","valueRequired":true,"valueName":"search_term_string"}}],"inLanguage":"de"},{"@type":"Organization","@id":"https:\/\/www.rawpics.de\/wordpress\/#organization","name":"rawPics - Ralph und Astrid Wecks Fotografie","url":"https:\/\/www.rawpics.de\/wordpress\/","logo":{"@type":"ImageObject","inLanguage":"de","@id":"https:\/\/www.rawpics.de\/wordpress\/#\/schema\/logo\/image\/","url":"","contentUrl":"","caption":"rawPics - Ralph und Astrid Wecks Fotografie"},"image":{"@id":"https:\/\/www.rawpics.de\/wordpress\/#\/schema\/logo\/image\/"},"sameAs":["https:\/\/www.facebook.com\/rawpics.wecks"]}]}},"_links":{"self":[{"href":"https:\/\/www.rawpics.de\/wordpress\/wp-json\/wp\/v2\/pages\/2006","targetHints":{"allow":["GET"]}}],"collection":[{"href":"https:\/\/www.rawpics.de\/wordpress\/wp-json\/wp\/v2\/pages"}],"about":[{"href":"https:\/\/www.rawpics.de\/wordpress\/wp-json\/wp\/v2\/types\/page"}],"author":[{"embeddable":true,"href":"https:\/\/www.rawpics.de\/wordpress\/wp-json\/wp\/v2\/users\/2"}],"replies":[{"embeddable":true,"href":"https:\/\/www.rawpics.de\/wordpress\/wp-json\/wp\/v2\/comments?post=2006"}],"version-history":[{"count":7,"href":"https:\/\/www.rawpics.de\/wordpress\/wp-json\/wp\/v2\/pages\/2006\/revisions"}],"predecessor-version":[{"id":2013,"href":"https:\/\/www.rawpics.de\/wordpress\/wp-json\/wp\/v2\/pages\/2006\/revisions\/2013"}],"wp:attachment":[{"href":"https:\/\/www.rawpics.de\/wordpress\/wp-json\/wp\/v2\/media?parent=2006"}],"curies":[{"name":"wp","href":"https:\/\/api.w.org\/{rel}","templated":true}]}}

<div class="fusion-fullwidth fullwidth-box fusion-builder-row-1 nonhundred-percent-fullwidth non-hundred-percent-height-scrolling" style="--awb-background-position:left top;--awb-border-sizes-top:0px;--awb-border-sizes-bottom:0px;--awb-border-sizes-left:0px;--awb-border-sizes-right:0px;--awb-border-radius-top-left:0px;--awb-border-radius-top-right:0px;--awb-border-radius-bottom-right:0px;--awb-border-radius-bottom-left:0px;--awb-padding-top:20px;--awb-padding-bottom:80px;--awb-flex-wrap:wrap;" ><div class="fusion-builder-row fusion-row"><div class="fusion-layout-column fusion_builder_column fusion-builder-column-0 fusion_builder_column_1_1 1_1 fusion-one-full fusion-column-first fusion-column-last" style="--awb-padding-top:0%;--awb-padding-right:10%;--awb-padding-bottom:0%;--awb-padding-left:10%;--awb-bg-size:cover;"><div class="fusion-column-wrapper fusion-flex-column-wrapper-legacy"><div class="fusion-image-element in-legacy-container" style="--awb-caption-title-font-family:var(--h2_typography-font-family);--awb-caption-title-font-weight:var(--h2_typography-font-weight);--awb-caption-title-font-style:var(--h2_typography-font-style);--awb-caption-title-size:var(--h2_typography-font-size);--awb-caption-title-transform:var(--h2_typography-text-transform);--awb-caption-title-line-height:var(--h2_typography-line-height);--awb-caption-title-letter-spacing:var(--h2_typography-letter-spacing);"><span class=" fusion-imageframe imageframe-none imageframe-1 hover-type-none"><img decoding="async" width="2048" height="573" alt="Eröffnung Magische Momente im Fischkai57" title="Eroeffnung_PAno_19688252_1380047945404754_1963163631_o" src="https://www.rawpics.de/wordpress/wp-content/uploads/2020/03/Eroeffnung_PAno_19688252_1380047945404754_1963163631_o.jpg" class="img-responsive wp-image-2007" srcset="https://www.rawpics.de/wordpress/wp-content/uploads/2020/03/Eroeffnung_PAno_19688252_1380047945404754_1963163631_o-200x56.jpg 200w, https://www.rawpics.de/wordpress/wp-content/uploads/2020/03/Eroeffnung_PAno_19688252_1380047945404754_1963163631_o-400x112.jpg 400w, https://www.rawpics.de/wordpress/wp-content/uploads/2020/03/Eroeffnung_PAno_19688252_1380047945404754_1963163631_o-600x168.jpg 600w, https://www.rawpics.de/wordpress/wp-content/uploads/2020/03/Eroeffnung_PAno_19688252_1380047945404754_1963163631_o-800x224.jpg 800w, https://www.rawpics.de/wordpress/wp-content/uploads/2020/03/Eroeffnung_PAno_19688252_1380047945404754_1963163631_o-1200x336.jpg 1200w, https://www.rawpics.de/wordpress/wp-content/uploads/2020/03/Eroeffnung_PAno_19688252_1380047945404754_1963163631_o.jpg 2048w" sizes="(max-width: 800px) 100vw, 1200px" /></span></div><div class="fusion-text fusion-text-1"><p><strong><span style="font-size: 24pt;">Fotokunst Unterweser</span></strong></p>
<p style="text-align: left;">Die Fotokunst Unterweser war ein Projekt befreundeter Fotografen aus dem Unterweser-Gebiet. Daher verwundert es auch nicht, dass sich ihr fotografischer Schwerpunkt in Bremerhaven befindet. Zudem ist es der Anspruch der Gruppe,  heimatliche Motive interessant und eben &#8222;anders&#8220; umzusetzen.</p>
<p style="text-align: left;">Und so präsentierte die Fotokunst Unterweser Ihre Arbeiten 2017 und 2019 in vielbeachteten Ausstellung im Kunst- und Kulturzentrum Fischkai57 im Fischereihafen.</p>
<table style="width: 100%; border-collapse: collapse;">
<tbody>
<tr>
<td style="width: 33.33%;">Die Fotokunst auf <em><a href="https://www.bremerhaven.de/de/aktuelles/magische-augenblicke-der-fotogruppe-fotokunst-unterweser-im-fischkai-57.59476.html">bremerhaven.de</a></em></td>
<td style="width: 33.33%;"></td>
<td style="width: 33.33%; text-align: right;">Die Fotokunst bei <em><a href="https://www.facebook.com/fotokunstunterweser">Facebook</a></em></td>
</tr>
</tbody>
</table>
<p>Kontakt:<br />
Fotokunst Unterweser<br />
Elbestraße 114<br />
27570 Bremerhaven</p>
</div><div class="fusion-clearfix"></div></div></div></div></div>

<!-- This site is optimized with the Yoast SEO plugin v27.5 - https://yoast.com/product/yoast-seo-wordpress/ -->
<title>Fotokunst Unterweser - rawPics</title>
<meta name="description" content="Die Fotokunst Unterweser ist eine von den Möglichkeiten der sozialen Netzwerke geprägte Gemeinschaft die Spaß und Freude Fotokunst hat." />
<meta name="robots" content="index, follow, max-snippet:-1, max-image-preview:large, max-video-preview:-1" />
<link rel="canonical" href="https://www.rawpics.de/wordpress/fotokunst-unterweser/" />
<meta property="og:locale" content="de_DE" />
<meta property="og:type" content="article" />
<meta property="og:title" content="Fotokunst Unterweser - rawPics" />
<meta property="og:description" content="Die Fotokunst Unterweser ist eine von den Möglichkeiten der sozialen Netzwerke geprägte Gemeinschaft die Spaß und Freude Fotokunst hat." />
<meta property="og:url" content="https://www.rawpics.de/wordpress/fotokunst-unterweser/" />
<meta property="og:site_name" content="rawPics" />
<meta property="article:publisher" content="https://www.facebook.com/rawpics.wecks" />
<meta property="article:modified_time" content="2022-12-31T14:58:39+00:00" />
<meta name="twitter:card" content="summary_large_image" />
<meta name="twitter:label1" content="Geschätzte Lesezeit" />
	<meta name="twitter:data1" content="2 Minuten" />
<script type="application/ld+json" class="yoast-schema-graph">{"@context":"https:\/\/schema.org","@graph":[{"@type":"WebPage","@id":"https:\/\/www.rawpics.de\/wordpress\/fotokunst-unterweser\/","url":"https:\/\/www.rawpics.de\/wordpress\/fotokunst-unterweser\/","name":"Fotokunst Unterweser - rawPics","isPartOf":{"@id":"https:\/\/www.rawpics.de\/wordpress\/#website"},"datePublished":"2020-03-08T22:42:31+00:00","dateModified":"2022-12-31T14:58:39+00:00","description":"Die Fotokunst Unterweser ist eine von den Möglichkeiten der sozialen Netzwerke geprägte Gemeinschaft die Spaß und Freude Fotokunst hat.","breadcrumb":{"@id":"https:\/\/www.rawpics.de\/wordpress\/fotokunst-unterweser\/#breadcrumb"},"inLanguage":"de","potentialAction":[{"@type":"ReadAction","target":["https:\/\/www.rawpics.de\/wordpress\/fotokunst-unterweser\/"]}]},{"@type":"BreadcrumbList","@id":"https:\/\/www.rawpics.de\/wordpress\/fotokunst-unterweser\/#breadcrumb","itemListElement":[{"@type":"ListItem","position":1,"name":"Startseite","item":"https:\/\/www.rawpics.de\/wordpress\/"},{"@type":"ListItem","position":2,"name":"Fotokunst Unterweser"}]},{"@type":"WebSite","@id":"https:\/\/www.rawpics.de\/wordpress\/#website","url":"https:\/\/www.rawpics.de\/wordpress\/","name":"rawPics - Ralph und Astrid Wecks Fotografie","description":"Ralph und Astrid Wecks Fotografie","publisher":{"@id":"https:\/\/www.rawpics.de\/wordpress\/#organization"},"potentialAction":[{"@type":"SearchAction","target":{"@type":"EntryPoint","urlTemplate":"https:\/\/www.rawpics.de\/wordpress\/?s={search_term_string}"},"query-input":{"@type":"PropertyValueSpecification","valueRequired":true,"valueName":"search_term_string"}}],"inLanguage":"de"},{"@type":"Organization","@id":"https:\/\/www.rawpics.de\/wordpress\/#organization","name":"rawPics - Ralph und Astrid Wecks Fotografie","url":"https:\/\/www.rawpics.de\/wordpress\/","logo":{"@type":"ImageObject","inLanguage":"de","@id":"https:\/\/www.rawpics.de\/wordpress\/#\/schema\/logo\/image\/","url":"","contentUrl":"","caption":"rawPics - Ralph und Astrid Wecks Fotografie"},"image":{"@id":"https:\/\/www.rawpics.de\/wordpress\/#\/schema\/logo\/image\/"},"sameAs":["https:\/\/www.facebook.com\/rawpics.wecks"]}]}</script>
<!-- / Yoast SEO plugin. -->

Die Fotokunst Unterweser ist eine von den Möglichkeiten der sozialen Netzwerke geprägte Gemeinschaft die Spaß und Freude Fotokunst hat.
