{"id":1276,"date":"2019-11-14T15:10:40","date_gmt":"2019-11-14T14:10:40","guid":{"rendered":"https:\/\/www.rawpics.de\/wordpress\/?page_id=1276"},"modified":"2023-09-29T12:35:39","modified_gmt":"2023-09-29T10:35:39","slug":"office-art","status":"publish","type":"page","link":"https:\/\/www.rawpics.de\/wordpress\/office-art\/","title":{"rendered":"Office Art"},"content":{"rendered":"<p><div class=\"fusion-fullwidth fullwidth-box fusion-builder-row-1 nonhundred-percent-fullwidth non-hundred-percent-height-scrolling\" style=\"--awb-background-position:left top;--awb-border-sizes-top:0px;--awb-border-sizes-bottom:0px;--awb-border-sizes-left:0px;--awb-border-sizes-right:0px;--awb-border-radius-top-left:0px;--awb-border-radius-top-right:0px;--awb-border-radius-bottom-right:0px;--awb-border-radius-bottom-left:0px;--awb-padding-top:20px;--awb-padding-bottom:2.5%;--awb-flex-wrap:wrap;\" ><div class=\"fusion-builder-row fusion-row\"><div class=\"fusion-layout-column fusion_builder_column fusion-builder-column-0 fusion_builder_column_1_1 1_1 fusion-one-full fusion-column-first fusion-column-last\" style=\"--awb-padding-top:0%;--awb-padding-right:15%;--awb-padding-bottom:0%;--awb-padding-left:15%;--awb-bg-size:cover;\"><div class=\"fusion-column-wrapper fusion-flex-column-wrapper-legacy\"><div class=\"fusion-text fusion-text-1\"><h3 style=\"text-align: center;\">AUSDRUCKSSTARKE FOTOS<\/h3>\n<h3 style=\"text-align: center;\">F\u00dcR DIE B\u00dcRO-UMGEBUNG ODER AUCH ZU HAUSE<\/h3>\n<\/div><div class=\"fusion-text fusion-text-2\"><p data-block-key=\"4sj3q\">\u201eDaran komme ich jeden Tag vorbei, aber so habe ich es noch nie gesehen\u201c.<\/p>\n<p data-block-key=\"e6tib\">Entdecken Sie eine Welt voller neuer Perspektiven und lassen Sie sich von unserem \u201eanderen\u201c Blick auf die Welt inspirieren. Unser Ziel ist es nicht nur, sch\u00f6ne Bilder zu machen, sondern auch, den Betrachter dazu zu bringen, die Welt mit anderen Augen zu sehen.<\/p>\n<p data-block-key=\"dg1qm\">Egal, ob wir die Motive an Land, am Fluss oder in der Stadt finden, unsere Fotografien bringen das Besondere im Allt\u00e4glichen zum Ausdruck. Wir fangen Momente ein, die sich oft erst auf den zweiten Blick erschlie\u00dfen.<\/p>\n<p data-block-key=\"6ot6a\">Unsere Fotos reichen von melancholisch bis hin zu stark strukturiert, von lebendigen Farben bis hin zu zeitlosem Schwarzwei\u00df. Tauchen Sie ein in eine Welt voller Kontraste und lassen Sie sich von unseren Bildern inspirieren.<\/p>\n<p data-block-key=\"8u9bs\">Entscheiden Sie sich f\u00fcr unsere Bilder und sie bringen Ihr B\u00fcro und Ihr Zuhause zum Strahlen. Denn Bilder haben eine einzigartige Kraft, sie erz\u00e4hlen Geschichten und wecken Emotionen. So k\u00f6nnen Sie die Aufmerksamkeit Ihrer Mitarbeiter, Besucher und Kunden gewinnen &#8211; sei es im B\u00fcro, im Empfangsbereich, in Sitzungszimmern oder auf Fluren.<\/p>\n<p data-block-key=\"uiii\">Aber auch f\u00fcr Ihr Zuhause haben wir die perfekte L\u00f6sung. Suchen Sie ein Bild, das Ihren Wohnbereich versch\u00f6nert und Ihre Pers\u00f6nlichkeit widerspiegelt? M\u00f6chten Sie sich an Ihre Heimat erinnern oder einfach nur eine inspirierende Atmosph\u00e4re schaffen? Wir helfen Ihnen gerne bei der Auswahl des passenden Motivs, das Ihre W\u00fcnsche und Vorstellungen umsetzt.<\/p>\n<p data-block-key=\"ejb46\">Wir stehen Ihnen mit unserer Expertise zur Seite und beraten Sie gerne bei der Auswahl des Motivs, seiner Wirkung und des Materials. Vertrauen Sie auf unsere langj\u00e4hrige Erfahrung und lassen Sie sich von unseren hochwertigen Fotos begeistern. Machen Sie Ihr B\u00fcro und Ihr Zuhause zu einem Ort, der inspiriert und beeindruckt.<\/p>\n<\/div><div class=\"fusion-clearfix\"><\/div><\/div><\/div><\/div><\/div><div class=\"fusion-fullwidth fullwidth-box fusion-builder-row-2 fusion-flex-container has-pattern-background has-mask-background nonhundred-percent-fullwidth non-hundred-percent-height-scrolling\" style=\"--awb-border-radius-top-left:0px;--awb-border-radius-top-right:0px;--awb-border-radius-bottom-right:0px;--awb-border-radius-bottom-left:0px;--awb-flex-wrap:wrap;\" ><div class=\"fusion-builder-row fusion-row fusion-flex-align-items-flex-start fusion-flex-content-wrap\" style=\"max-width:1216.8px;margin-left: calc(-4% \/ 2 );margin-right: calc(-4% \/ 2 );\"><div class=\"fusion-layout-column fusion_builder_column fusion-builder-column-1 fusion_builder_column_1_1 1_1 fusion-flex-column\" style=\"--awb-bg-size:cover;--awb-width-large:100%;--awb-margin-top-large:0px;--awb-spacing-right-large:1.92%;--awb-margin-bottom-large:50px;--awb-spacing-left-large:1.92%;--awb-width-medium:100%;--awb-order-medium:0;--awb-spacing-right-medium:1.92%;--awb-spacing-left-medium:1.92%;--awb-width-small:100%;--awb-order-small:0;--awb-spacing-right-small:1.92%;--awb-spacing-left-small:1.92%;\"><div class=\"fusion-column-wrapper fusion-column-has-shadow fusion-flex-justify-content-flex-start fusion-content-layout-column\"><div class=\"fusion-image-element \" style=\"--awb-caption-title-font-family:var(--h2_typography-font-family);--awb-caption-title-font-weight:var(--h2_typography-font-weight);--awb-caption-title-font-style:var(--h2_typography-font-style);--awb-caption-title-size:var(--h2_typography-font-size);--awb-caption-title-transform:var(--h2_typography-text-transform);--awb-caption-title-line-height:var(--h2_typography-line-height);--awb-caption-title-letter-spacing:var(--h2_typography-letter-spacing);\"><span class=\" fusion-imageframe imageframe-none imageframe-1 hover-type-none\"><img decoding=\"async\" width=\"1024\" height=\"683\" alt=\"Bilder im B\u00fcrgermeister-Flur\" title=\"Bilder im B\u00fcrgermeister-Flur\" src=\"https:\/\/www.rawpics.de\/wordpress\/wp-content\/uploads\/2023\/09\/Slider_BM-Flur_mitText.jpg\" class=\"img-responsive wp-image-3013\" srcset=\"https:\/\/www.rawpics.de\/wordpress\/wp-content\/uploads\/2023\/09\/Slider_BM-Flur_mitText-200x133.jpg 200w, https:\/\/www.rawpics.de\/wordpress\/wp-content\/uploads\/2023\/09\/Slider_BM-Flur_mitText-400x267.jpg 400w, https:\/\/www.rawpics.de\/wordpress\/wp-content\/uploads\/2023\/09\/Slider_BM-Flur_mitText-600x400.jpg 600w, https:\/\/www.rawpics.de\/wordpress\/wp-content\/uploads\/2023\/09\/Slider_BM-Flur_mitText-800x534.jpg 800w, https:\/\/www.rawpics.de\/wordpress\/wp-content\/uploads\/2023\/09\/Slider_BM-Flur_mitText.jpg 1024w\" sizes=\"(max-width: 1024px) 100vw, (max-width: 640px) 100vw, 1024px\" \/><\/span><\/div><div class=\"fusion-text fusion-text-3\"><p>Hier ein Beispiel f\u00fcr Image-Werbung mit unseren Fotos.<\/p>\n<\/div><\/div><\/div><\/div><\/div><div class=\"fusion-fullwidth fullwidth-box fusion-builder-row-3 nonhundred-percent-fullwidth non-hundred-percent-height-scrolling\" style=\"--awb-background-position:left top;--awb-border-sizes-top:0px;--awb-border-sizes-bottom:0px;--awb-border-sizes-left:0px;--awb-border-sizes-right:0px;--awb-border-radius-top-left:0px;--awb-border-radius-top-right:0px;--awb-border-radius-bottom-right:0px;--awb-border-radius-bottom-left:0px;--awb-padding-top:160px;--awb-padding-bottom:100px;--awb-flex-wrap:wrap;\" ><div class=\"fusion-builder-row fusion-row\"><div class=\"fusion-layout-column fusion_builder_column fusion-builder-column-2 fusion_builder_column_1_3 1_3 fusion-one-third fusion-column-first\" style=\"--awb-bg-size:cover;width:33.333333333333%;width:calc(33.333333333333% - ( ( 4% + 4% ) * 0.33333333333333 ) );margin-right: 4%;\"><div class=\"fusion-column-wrapper fusion-column-has-shadow fusion-flex-column-wrapper-legacy\"><div class=\"fusion-image-element in-legacy-container\" style=\"--awb-caption-title-font-family:var(--h2_typography-font-family);--awb-caption-title-font-weight:var(--h2_typography-font-weight);--awb-caption-title-font-style:var(--h2_typography-font-style);--awb-caption-title-size:var(--h2_typography-font-size);--awb-caption-title-transform:var(--h2_typography-text-transform);--awb-caption-title-line-height:var(--h2_typography-line-height);--awb-caption-title-letter-spacing:var(--h2_typography-letter-spacing);\"><span class=\" fusion-imageframe imageframe-none imageframe-2 hover-type-none\"><a href=\"https:\/\/www.rawpics.de\/wordpress\/wp-content\/uploads\/2019\/11\/DSC01943-Bearbeitet.jpg\" class=\"fusion-lightbox\" data-rel=\"iLightbox[003112e051b7c4be5a5]\" data-title=\"DSC01943-Bearbeitet\" title=\"DSC02200\"><img decoding=\"async\" width=\"2048\" height=\"1365\" src=\"https:\/\/www.rawpics.de\/wordpress\/wp-content\/uploads\/2019\/11\/DSC02200-1.jpg\" alt class=\"img-responsive wp-image-1385\" srcset=\"https:\/\/www.rawpics.de\/wordpress\/wp-content\/uploads\/2019\/11\/DSC02200-1-200x133.jpg 200w, https:\/\/www.rawpics.de\/wordpress\/wp-content\/uploads\/2019\/11\/DSC02200-1-400x267.jpg 400w, https:\/\/www.rawpics.de\/wordpress\/wp-content\/uploads\/2019\/11\/DSC02200-1-600x400.jpg 600w, https:\/\/www.rawpics.de\/wordpress\/wp-content\/uploads\/2019\/11\/DSC02200-1-800x533.jpg 800w, https:\/\/www.rawpics.de\/wordpress\/wp-content\/uploads\/2019\/11\/DSC02200-1-1200x800.jpg 1200w, https:\/\/www.rawpics.de\/wordpress\/wp-content\/uploads\/2019\/11\/DSC02200-1.jpg 2048w\" sizes=\"(max-width: 800px) 100vw, 2048px\" \/><\/a><\/span><\/div><div class=\"fusion-clearfix\"><\/div><\/div><\/div><div class=\"fusion-layout-column fusion_builder_column fusion-builder-column-3 fusion_builder_column_1_3 1_3 fusion-one-third\" style=\"--awb-bg-size:cover;width:33.333333333333%;width:calc(33.333333333333% - ( ( 4% + 4% ) * 0.33333333333333 ) );margin-right: 4%;\"><div class=\"fusion-column-wrapper fusion-column-has-shadow fusion-flex-column-wrapper-legacy\"><div class=\"fusion-image-element in-legacy-container\" style=\"--awb-caption-title-font-family:var(--h2_typography-font-family);--awb-caption-title-font-weight:var(--h2_typography-font-weight);--awb-caption-title-font-style:var(--h2_typography-font-style);--awb-caption-title-size:var(--h2_typography-font-size);--awb-caption-title-transform:var(--h2_typography-text-transform);--awb-caption-title-line-height:var(--h2_typography-line-height);--awb-caption-title-letter-spacing:var(--h2_typography-letter-spacing);\"><span class=\" fusion-imageframe imageframe-none imageframe-3 hover-type-none\"><a href=\"https:\/\/www.rawpics.de\/wordpress\/wp-content\/uploads\/2019\/11\/DSC01962-HDR-Bearbeitet-2.jpg\" class=\"fusion-lightbox\" data-rel=\"iLightbox[338681b562c2e6df28e]\" data-title=\"DSC01962-HDR-Bearbeitet-2\" title=\"DSC01962-HDR-Bearbeitet-2\"><img decoding=\"async\" width=\"1920\" height=\"1280\" src=\"https:\/\/www.rawpics.de\/wordpress\/wp-content\/uploads\/2019\/11\/DSC01962-HDR-Bearbeitet-2.jpg\" alt class=\"img-responsive wp-image-1221\" srcset=\"https:\/\/www.rawpics.de\/wordpress\/wp-content\/uploads\/2019\/11\/DSC01962-HDR-Bearbeitet-2-200x133.jpg 200w, https:\/\/www.rawpics.de\/wordpress\/wp-content\/uploads\/2019\/11\/DSC01962-HDR-Bearbeitet-2-400x267.jpg 400w, https:\/\/www.rawpics.de\/wordpress\/wp-content\/uploads\/2019\/11\/DSC01962-HDR-Bearbeitet-2-600x400.jpg 600w, https:\/\/www.rawpics.de\/wordpress\/wp-content\/uploads\/2019\/11\/DSC01962-HDR-Bearbeitet-2-800x533.jpg 800w, https:\/\/www.rawpics.de\/wordpress\/wp-content\/uploads\/2019\/11\/DSC01962-HDR-Bearbeitet-2-1200x800.jpg 1200w, https:\/\/www.rawpics.de\/wordpress\/wp-content\/uploads\/2019\/11\/DSC01962-HDR-Bearbeitet-2.jpg 1920w\" sizes=\"(max-width: 800px) 100vw, 1920px\" \/><\/a><\/span><\/div><div class=\"fusion-clearfix\"><\/div><\/div><\/div><div class=\"fusion-layout-column fusion_builder_column fusion-builder-column-4 fusion_builder_column_1_3 1_3 fusion-one-third fusion-column-last\" style=\"--awb-bg-size:cover;width:33.333333333333%;width:calc(33.333333333333% - ( ( 4% + 4% ) * 0.33333333333333 ) );\"><div class=\"fusion-column-wrapper fusion-column-has-shadow fusion-flex-column-wrapper-legacy\"><div class=\"fusion-image-element in-legacy-container\" style=\"--awb-caption-title-font-family:var(--h2_typography-font-family);--awb-caption-title-font-weight:var(--h2_typography-font-weight);--awb-caption-title-font-style:var(--h2_typography-font-style);--awb-caption-title-size:var(--h2_typography-font-size);--awb-caption-title-transform:var(--h2_typography-text-transform);--awb-caption-title-line-height:var(--h2_typography-line-height);--awb-caption-title-letter-spacing:var(--h2_typography-letter-spacing);\"><span class=\" fusion-imageframe imageframe-none imageframe-4 hover-type-none\"><a href=\"https:\/\/www.rawpics.de\/wordpress\/wp-content\/uploads\/2019\/11\/DSC01942-Bearbeitet.jpg\" class=\"fusion-lightbox\" data-rel=\"iLightbox[bcee5fbb04ac2dac9d2]\" data-title=\"DSC01942-Bearbeitet\" title=\"DSC02201\"><img decoding=\"async\" width=\"2048\" height=\"1365\" src=\"https:\/\/www.rawpics.de\/wordpress\/wp-content\/uploads\/2019\/11\/DSC02201-1.jpg\" alt class=\"img-responsive wp-image-1386\" srcset=\"https:\/\/www.rawpics.de\/wordpress\/wp-content\/uploads\/2019\/11\/DSC02201-1-200x133.jpg 200w, https:\/\/www.rawpics.de\/wordpress\/wp-content\/uploads\/2019\/11\/DSC02201-1-400x267.jpg 400w, https:\/\/www.rawpics.de\/wordpress\/wp-content\/uploads\/2019\/11\/DSC02201-1-600x400.jpg 600w, https:\/\/www.rawpics.de\/wordpress\/wp-content\/uploads\/2019\/11\/DSC02201-1-800x533.jpg 800w, https:\/\/www.rawpics.de\/wordpress\/wp-content\/uploads\/2019\/11\/DSC02201-1-1200x800.jpg 1200w, https:\/\/www.rawpics.de\/wordpress\/wp-content\/uploads\/2019\/11\/DSC02201-1.jpg 2048w\" sizes=\"(max-width: 800px) 100vw, 2048px\" \/><\/a><\/span><\/div><div class=\"fusion-clearfix\"><\/div><\/div><\/div><div class=\"fusion-layout-column fusion_builder_column fusion-builder-column-5 fusion_builder_column_1_1 1_1 fusion-one-full fusion-column-first fusion-column-last\" style=\"--awb-bg-size:cover;\"><div class=\"fusion-column-wrapper fusion-column-has-shadow fusion-flex-column-wrapper-legacy\"><div class=\"fusion-text fusion-text-4\"><p style=\"text-align: left;\">Hier ein Beispiel f\u00fcr Schwarzwei\u00df-Fotos in einem modernen B\u00fcro-Umfeld.<\/p>\n<\/div><div class=\"fusion-clearfix\"><\/div><\/div><\/div><\/div><\/div><div class=\"fusion-fullwidth fullwidth-box fusion-builder-row-4 nonhundred-percent-fullwidth non-hundred-percent-height-scrolling\" style=\"--awb-border-radius-top-left:0px;--awb-border-radius-top-right:0px;--awb-border-radius-bottom-right:0px;--awb-border-radius-bottom-left:0px;--awb-flex-wrap:wrap;\" ><div class=\"fusion-builder-row fusion-row\"><div class=\"fusion-layout-column fusion_builder_column fusion-builder-column-6 fusion_builder_column_1_3 1_3 fusion-one-third fusion-column-first\" style=\"--awb-bg-size:cover;width:33.333333333333%;width:calc(33.333333333333% - ( ( 4% + 4% ) * 0.33333333333333 ) );margin-right: 4%;\"><div class=\"fusion-column-wrapper fusion-column-has-shadow fusion-flex-column-wrapper-legacy\"><div class=\"fusion-image-element in-legacy-container\" style=\"--awb-caption-title-font-family:var(--h2_typography-font-family);--awb-caption-title-font-weight:var(--h2_typography-font-weight);--awb-caption-title-font-style:var(--h2_typography-font-style);--awb-caption-title-size:var(--h2_typography-font-size);--awb-caption-title-transform:var(--h2_typography-text-transform);--awb-caption-title-line-height:var(--h2_typography-line-height);--awb-caption-title-letter-spacing:var(--h2_typography-letter-spacing);\"><span class=\" fusion-imageframe imageframe-none imageframe-5 hover-type-none\"><img decoding=\"async\" width=\"2048\" height=\"1365\" title=\"DSC02204\" src=\"https:\/\/www.rawpics.de\/wordpress\/wp-content\/uploads\/2019\/11\/DSC02204.jpg\" alt class=\"img-responsive wp-image-1387\" srcset=\"https:\/\/www.rawpics.de\/wordpress\/wp-content\/uploads\/2019\/11\/DSC02204-200x133.jpg 200w, https:\/\/www.rawpics.de\/wordpress\/wp-content\/uploads\/2019\/11\/DSC02204-400x267.jpg 400w, https:\/\/www.rawpics.de\/wordpress\/wp-content\/uploads\/2019\/11\/DSC02204-600x400.jpg 600w, https:\/\/www.rawpics.de\/wordpress\/wp-content\/uploads\/2019\/11\/DSC02204-800x533.jpg 800w, https:\/\/www.rawpics.de\/wordpress\/wp-content\/uploads\/2019\/11\/DSC02204-1200x800.jpg 1200w, https:\/\/www.rawpics.de\/wordpress\/wp-content\/uploads\/2019\/11\/DSC02204.jpg 2048w\" sizes=\"(max-width: 800px) 100vw, 2048px\" \/><\/span><\/div><div class=\"fusion-clearfix\"><\/div><\/div><\/div><div class=\"fusion-layout-column fusion_builder_column fusion-builder-column-7 fusion_builder_column_1_3 1_3 fusion-one-third\" style=\"--awb-bg-size:cover;width:33.333333333333%;width:calc(33.333333333333% - ( ( 4% + 4% ) * 0.33333333333333 ) );margin-right: 4%;\"><div class=\"fusion-column-wrapper fusion-column-has-shadow fusion-flex-column-wrapper-legacy\"><div class=\"fusion-image-element in-legacy-container\" style=\"--awb-caption-title-font-family:var(--h2_typography-font-family);--awb-caption-title-font-weight:var(--h2_typography-font-weight);--awb-caption-title-font-style:var(--h2_typography-font-style);--awb-caption-title-size:var(--h2_typography-font-size);--awb-caption-title-transform:var(--h2_typography-text-transform);--awb-caption-title-line-height:var(--h2_typography-line-height);--awb-caption-title-letter-spacing:var(--h2_typography-letter-spacing);\"><span class=\" fusion-imageframe imageframe-none imageframe-6 hover-type-none\"><img decoding=\"async\" width=\"2048\" height=\"1365\" title=\"DSC02203\" src=\"https:\/\/www.rawpics.de\/wordpress\/wp-content\/uploads\/2019\/11\/DSC02203.jpg\" alt class=\"img-responsive wp-image-1389\" srcset=\"https:\/\/www.rawpics.de\/wordpress\/wp-content\/uploads\/2019\/11\/DSC02203-200x133.jpg 200w, https:\/\/www.rawpics.de\/wordpress\/wp-content\/uploads\/2019\/11\/DSC02203-400x267.jpg 400w, https:\/\/www.rawpics.de\/wordpress\/wp-content\/uploads\/2019\/11\/DSC02203-600x400.jpg 600w, https:\/\/www.rawpics.de\/wordpress\/wp-content\/uploads\/2019\/11\/DSC02203-800x533.jpg 800w, https:\/\/www.rawpics.de\/wordpress\/wp-content\/uploads\/2019\/11\/DSC02203-1200x800.jpg 1200w, https:\/\/www.rawpics.de\/wordpress\/wp-content\/uploads\/2019\/11\/DSC02203.jpg 2048w\" sizes=\"(max-width: 800px) 100vw, 2048px\" \/><\/span><\/div><div class=\"fusion-clearfix\"><\/div><\/div><\/div><div class=\"fusion-layout-column fusion_builder_column fusion-builder-column-8 fusion_builder_column_1_3 1_3 fusion-one-third fusion-column-last\" style=\"--awb-bg-size:cover;width:33.333333333333%;width:calc(33.333333333333% - ( ( 4% + 4% ) * 0.33333333333333 ) );\"><div class=\"fusion-column-wrapper fusion-column-has-shadow fusion-flex-column-wrapper-legacy\"><div class=\"fusion-image-element in-legacy-container\" style=\"--awb-caption-title-font-family:var(--h2_typography-font-family);--awb-caption-title-font-weight:var(--h2_typography-font-weight);--awb-caption-title-font-style:var(--h2_typography-font-style);--awb-caption-title-size:var(--h2_typography-font-size);--awb-caption-title-transform:var(--h2_typography-text-transform);--awb-caption-title-line-height:var(--h2_typography-line-height);--awb-caption-title-letter-spacing:var(--h2_typography-letter-spacing);\"><span class=\" fusion-imageframe imageframe-none imageframe-7 hover-type-none\"><img decoding=\"async\" width=\"2048\" height=\"1365\" title=\"DSC02207\" src=\"https:\/\/www.rawpics.de\/wordpress\/wp-content\/uploads\/2019\/11\/DSC02207.jpg\" alt class=\"img-responsive wp-image-1388\" srcset=\"https:\/\/www.rawpics.de\/wordpress\/wp-content\/uploads\/2019\/11\/DSC02207-200x133.jpg 200w, https:\/\/www.rawpics.de\/wordpress\/wp-content\/uploads\/2019\/11\/DSC02207-400x267.jpg 400w, https:\/\/www.rawpics.de\/wordpress\/wp-content\/uploads\/2019\/11\/DSC02207-600x400.jpg 600w, https:\/\/www.rawpics.de\/wordpress\/wp-content\/uploads\/2019\/11\/DSC02207-800x533.jpg 800w, https:\/\/www.rawpics.de\/wordpress\/wp-content\/uploads\/2019\/11\/DSC02207-1200x800.jpg 1200w, https:\/\/www.rawpics.de\/wordpress\/wp-content\/uploads\/2019\/11\/DSC02207.jpg 2048w\" sizes=\"(max-width: 800px) 100vw, 2048px\" \/><\/span><\/div><div class=\"fusion-clearfix\"><\/div><\/div><\/div><div class=\"fusion-layout-column fusion_builder_column fusion-builder-column-9 fusion_builder_column_1_1 1_1 fusion-one-full fusion-column-first fusion-column-last\" style=\"--awb-bg-size:cover;\"><div class=\"fusion-column-wrapper fusion-column-has-shadow fusion-flex-column-wrapper-legacy\"><div class=\"fusion-text fusion-text-5\"><p style=\"text-align: left;\">Hier ein Beispiel f\u00fcr Farbbilder im Wohn-Umfeld.<\/p>\n<\/div><div class=\"fusion-clearfix\"><\/div><\/div><\/div><\/div><\/div><\/p>\n","protected":false},"excerpt":{"rendered":"","protected":false},"author":2,"featured_media":0,"parent":0,"menu_order":0,"comment_status":"closed","ping_status":"closed","template":"100-width.php","meta":{"footnotes":""},"class_list":["post-1276","page","type-page","status-publish","hentry"],"yoast_head":"<!-- This site is optimized with the Yoast SEO plugin v27.5 - https:\/\/yoast.com\/product\/yoast-seo-wordpress\/ -->\n<title>Office Art - rawPics<\/title>\n<meta name=\"robots\" content=\"index, follow, max-snippet:-1, max-image-preview:large, max-video-preview:-1\" \/>\n<link rel=\"canonical\" href=\"https:\/\/www.rawpics.de\/wordpress\/office-art\/\" \/>\n<meta property=\"og:locale\" content=\"de_DE\" \/>\n<meta property=\"og:type\" content=\"article\" \/>\n<meta property=\"og:title\" content=\"Office Art - rawPics\" \/>\n<meta property=\"og:url\" content=\"https:\/\/www.rawpics.de\/wordpress\/office-art\/\" \/>\n<meta property=\"og:site_name\" content=\"rawPics\" \/>\n<meta property=\"article:publisher\" content=\"https:\/\/www.facebook.com\/rawpics.wecks\" \/>\n<meta property=\"article:modified_time\" content=\"2023-09-29T10:35:39+00:00\" \/>\n<meta name=\"twitter:card\" content=\"summary_large_image\" \/>\n<meta name=\"twitter:label1\" content=\"Gesch\u00e4tzte Lesezeit\" \/>\n\t<meta name=\"twitter:data1\" content=\"7\u00a0Minuten\" \/>\n<script type=\"application\/ld+json\" class=\"yoast-schema-graph\">{\"@context\":\"https:\\\/\\\/schema.org\",\"@graph\":[{\"@type\":\"WebPage\",\"@id\":\"https:\\\/\\\/www.rawpics.de\\\/wordpress\\\/office-art\\\/\",\"url\":\"https:\\\/\\\/www.rawpics.de\\\/wordpress\\\/office-art\\\/\",\"name\":\"Office Art - rawPics\",\"isPartOf\":{\"@id\":\"https:\\\/\\\/www.rawpics.de\\\/wordpress\\\/#website\"},\"datePublished\":\"2019-11-14T14:10:40+00:00\",\"dateModified\":\"2023-09-29T10:35:39+00:00\",\"breadcrumb\":{\"@id\":\"https:\\\/\\\/www.rawpics.de\\\/wordpress\\\/office-art\\\/#breadcrumb\"},\"inLanguage\":\"de\",\"potentialAction\":[{\"@type\":\"ReadAction\",\"target\":[\"https:\\\/\\\/www.rawpics.de\\\/wordpress\\\/office-art\\\/\"]}]},{\"@type\":\"BreadcrumbList\",\"@id\":\"https:\\\/\\\/www.rawpics.de\\\/wordpress\\\/office-art\\\/#breadcrumb\",\"itemListElement\":[{\"@type\":\"ListItem\",\"position\":1,\"name\":\"Startseite\",\"item\":\"https:\\\/\\\/www.rawpics.de\\\/wordpress\\\/\"},{\"@type\":\"ListItem\",\"position\":2,\"name\":\"Office Art\"}]},{\"@type\":\"WebSite\",\"@id\":\"https:\\\/\\\/www.rawpics.de\\\/wordpress\\\/#website\",\"url\":\"https:\\\/\\\/www.rawpics.de\\\/wordpress\\\/\",\"name\":\"rawPics - Ralph und Astrid Wecks Fotografie\",\"description\":\"Ralph und Astrid Wecks Fotografie\",\"publisher\":{\"@id\":\"https:\\\/\\\/www.rawpics.de\\\/wordpress\\\/#organization\"},\"potentialAction\":[{\"@type\":\"SearchAction\",\"target\":{\"@type\":\"EntryPoint\",\"urlTemplate\":\"https:\\\/\\\/www.rawpics.de\\\/wordpress\\\/?s={search_term_string}\"},\"query-input\":{\"@type\":\"PropertyValueSpecification\",\"valueRequired\":true,\"valueName\":\"search_term_string\"}}],\"inLanguage\":\"de\"},{\"@type\":\"Organization\",\"@id\":\"https:\\\/\\\/www.rawpics.de\\\/wordpress\\\/#organization\",\"name\":\"rawPics - Ralph und Astrid Wecks Fotografie\",\"url\":\"https:\\\/\\\/www.rawpics.de\\\/wordpress\\\/\",\"logo\":{\"@type\":\"ImageObject\",\"inLanguage\":\"de\",\"@id\":\"https:\\\/\\\/www.rawpics.de\\\/wordpress\\\/#\\\/schema\\\/logo\\\/image\\\/\",\"url\":\"\",\"contentUrl\":\"\",\"caption\":\"rawPics - Ralph und Astrid Wecks Fotografie\"},\"image\":{\"@id\":\"https:\\\/\\\/www.rawpics.de\\\/wordpress\\\/#\\\/schema\\\/logo\\\/image\\\/\"},\"sameAs\":[\"https:\\\/\\\/www.facebook.com\\\/rawpics.wecks\"]}]}<\/script>\n<!-- \/ Yoast SEO plugin. -->","yoast_head_json":{"title":"Office Art - rawPics","robots":{"index":"index","follow":"follow","max-snippet":"max-snippet:-1","max-image-preview":"max-image-preview:large","max-video-preview":"max-video-preview:-1"},"canonical":"https:\/\/www.rawpics.de\/wordpress\/office-art\/","og_locale":"de_DE","og_type":"article","og_title":"Office Art - rawPics","og_url":"https:\/\/www.rawpics.de\/wordpress\/office-art\/","og_site_name":"rawPics","article_publisher":"https:\/\/www.facebook.com\/rawpics.wecks","article_modified_time":"2023-09-29T10:35:39+00:00","twitter_card":"summary_large_image","twitter_misc":{"Gesch\u00e4tzte Lesezeit":"7\u00a0Minuten"},"schema":{"@context":"https:\/\/schema.org","@graph":[{"@type":"WebPage","@id":"https:\/\/www.rawpics.de\/wordpress\/office-art\/","url":"https:\/\/www.rawpics.de\/wordpress\/office-art\/","name":"Office Art - rawPics","isPartOf":{"@id":"https:\/\/www.rawpics.de\/wordpress\/#website"},"datePublished":"2019-11-14T14:10:40+00:00","dateModified":"2023-09-29T10:35:39+00:00","breadcrumb":{"@id":"https:\/\/www.rawpics.de\/wordpress\/office-art\/#breadcrumb"},"inLanguage":"de","potentialAction":[{"@type":"ReadAction","target":["https:\/\/www.rawpics.de\/wordpress\/office-art\/"]}]},{"@type":"BreadcrumbList","@id":"https:\/\/www.rawpics.de\/wordpress\/office-art\/#breadcrumb","itemListElement":[{"@type":"ListItem","position":1,"name":"Startseite","item":"https:\/\/www.rawpics.de\/wordpress\/"},{"@type":"ListItem","position":2,"name":"Office Art"}]},{"@type":"WebSite","@id":"https:\/\/www.rawpics.de\/wordpress\/#website","url":"https:\/\/www.rawpics.de\/wordpress\/","name":"rawPics - Ralph und Astrid Wecks Fotografie","description":"Ralph und Astrid Wecks Fotografie","publisher":{"@id":"https:\/\/www.rawpics.de\/wordpress\/#organization"},"potentialAction":[{"@type":"SearchAction","target":{"@type":"EntryPoint","urlTemplate":"https:\/\/www.rawpics.de\/wordpress\/?s={search_term_string}"},"query-input":{"@type":"PropertyValueSpecification","valueRequired":true,"valueName":"search_term_string"}}],"inLanguage":"de"},{"@type":"Organization","@id":"https:\/\/www.rawpics.de\/wordpress\/#organization","name":"rawPics - Ralph und Astrid Wecks Fotografie","url":"https:\/\/www.rawpics.de\/wordpress\/","logo":{"@type":"ImageObject","inLanguage":"de","@id":"https:\/\/www.rawpics.de\/wordpress\/#\/schema\/logo\/image\/","url":"","contentUrl":"","caption":"rawPics - Ralph und Astrid Wecks Fotografie"},"image":{"@id":"https:\/\/www.rawpics.de\/wordpress\/#\/schema\/logo\/image\/"},"sameAs":["https:\/\/www.facebook.com\/rawpics.wecks"]}]}},"_links":{"self":[{"href":"https:\/\/www.rawpics.de\/wordpress\/wp-json\/wp\/v2\/pages\/1276","targetHints":{"allow":["GET"]}}],"collection":[{"href":"https:\/\/www.rawpics.de\/wordpress\/wp-json\/wp\/v2\/pages"}],"about":[{"href":"https:\/\/www.rawpics.de\/wordpress\/wp-json\/wp\/v2\/types\/page"}],"author":[{"embeddable":true,"href":"https:\/\/www.rawpics.de\/wordpress\/wp-json\/wp\/v2\/users\/2"}],"replies":[{"embeddable":true,"href":"https:\/\/www.rawpics.de\/wordpress\/wp-json\/wp\/v2\/comments?post=1276"}],"version-history":[{"count":28,"href":"https:\/\/www.rawpics.de\/wordpress\/wp-json\/wp\/v2\/pages\/1276\/revisions"}],"predecessor-version":[{"id":3014,"href":"https:\/\/www.rawpics.de\/wordpress\/wp-json\/wp\/v2\/pages\/1276\/revisions\/3014"}],"wp:attachment":[{"href":"https:\/\/www.rawpics.de\/wordpress\/wp-json\/wp\/v2\/media?parent=1276"}],"curies":[{"name":"wp","href":"https:\/\/api.w.org\/{rel}","templated":true}]}}